
In base 5, what is -134222 + -23?
-134300
In base 14, what is -2b7 + 389?
b2
In base 8, what is 3 - -17352?
17355
In base 2, what is -10100010001110100110 - -11?
-10100010001110100011
In base 6, what is 554 + -424?
130
In base 4, what is -103330121201 + -3?
-103330121210
In base 13, what is 2 + 11295?
11297
In base 13, what is -10 + 67182?
67172
In base 9, what is -7 + 5018?
5011
In base 12, what is -8768a + 4?
-87686
In base 16, what is -1a7 - 91?
-238
In base 15, what is ab + -e1b?
-d60
In base 14, what is 19467 + 5?
1946c
In base 12, what is -74739 + 7?
-74732
In base 14, what is -6956 - 1?
-6957
In base 3, what is 10000211020 - 21?
10000210222
In base 7, what is 5612 - -215?
6130
In base 11, what is 1718 + 18?
1735
In base 7, what is -23163151 + 5?
-23163143
In base 6, what is -2 - 50513?
-50515
In base 4, what is -1 + -1030213?
-1030220
In base 4, what is -122310 - -2321?
-113323
In base 13, what is 8356 + -8?
834b
In base 2, what is 11000000100011 - -100100?
11000001000111
In base 12, what is -5 - 4145?
-414a
In base 2, what is -1001 + -1000101011100?
-1000101100101
In base 13, what is -8ab3b - 5?
-8ab43
In base 11, what is -613 + -1a9?
-811
In base 4, what is -123220 - 21?
-123301
In base 8, what is -21 + -5142?
-5163
In base 9, what is -2082512 - 5?
-2082517
In base 15, what is -4 - -1e57?
1e53
In base 3, what is -1 + 200210222221?
200210222220
In base 3, what is 10 + -120020121?
-120020111
In base 7, what is 10341 - -114?
10455
In base 10, what is 75 + -2715?
-2640
In base 12, what is 10 + -9b66?
-9b56
In base 12, what is 13404b + 1?
134050
In base 7, what is -16052 - -125?
-15624
In base 6, what is -2255 - 1401?
-4100
In base 6, what is -55 + 1211?
1112
In base 16, what is 3 + 12969?
1296c
In base 15, what is 41 - -3c56?
3c97
In base 7, what is 223 - 62?
131
In base 12, what is -21 + b0?
8b
In base 15, what is -151c - 15?
-1532
In base 16, what is -3 + 2e2c9?
2e2c6
In base 2, what is 111010011010100101 + 0?
111010011010100101
In base 4, what is -10212 - -110?
-10102
In base 13, what is -321a + bc?
-312b
In base 4, what is 321 - -20313?
21300
In base 4, what is 230023020021 - 3?
230023020012
In base 14, what is 14155 - -2?
14157
In base 15, what is -9826 - -5?
-9821
In base 16, what is -4ef33 - -2?
-4ef31
In base 3, what is 2022 - -10210122212?
10210202011
In base 3, what is 12122101 + 121001?
20020102
In base 11, what is 4 + 444687?
444690
In base 15, what is -ad + -2a2?
-360
In base 13, what is 2 + -1bb3b?
-1bb39
In base 7, what is 35 + 2606616?
2606654
In base 11, what is 4 - 73187?
-73183
In base 12, what is 4a - -154?
1a2
In base 3, what is 1 - -22110001111?
22110001112
In base 7, what is -4 + 622301?
622264
In base 7, what is 15 + 206656?
210004
In base 3, what is 2200212110000 + 11?
2200212110011
In base 11, what is -4 - -24692?
24689
In base 15, what is -3 - -dbe1?
dbdd
In base 2, what is 1001000 - -1010101?
10011101
In base 8, what is -4 - 3050673?
-3050677
In base 15, what is c43 + 1a?
c5d
In base 11, what is 1300 + -27?
1284
In base 10, what is 773 + -183?
590
In base 10, what is -1422 + -14?
-1436
In base 11, what is 197 - 59?
139
In base 6, what is -10032 - 32?
-10104
In base 2, what is -101 - -111110100?
111101111
In base 5, what is -2 + -234?
-241
In base 14, what is 89468 - -2?
8946a
In base 12, what is -3 - 93bb?
-9402
In base 3, what is 0 - 12122022222?
-12122022222
In base 3, what is -1001 + -100210?
-101211
In base 14, what is 2848 - -1?
2849
In base 16, what is 66 - -ab5?
b1b
In base 16, what is 5aa - -40?
5ea
In base 12, what is -14 - -15028?
15014
In base 5, what is -3 + -2240234?
-2240242
In base 7, what is 2106 + -325?
1451
In base 5, what is 143 + 34133?
34331
In base 9, what is -725 + 67?
-647
In base 11, what is 35 - 667?
-632
In base 4, what is 10 - 3122113?
-3122103
In base 16, what is 9397 + 2?
9399
In base 6, what is 12024 + 213?
12241
In base 12, what is -4b1 - 163?
-654
In base 9, what is 1538546 + 4?
1538551
In base 7, what is 12500 - 32?
12435
In base 9, what is 3184 + -1023?
2161
In base 8, what is 7265 - -5?
7272
In base 11, what is -5 - -14149?
14144
In base 10, what is -6 + 551?
545
In base 3, what is -12 - -100021211100?
100021211011
In base 6, what is 31 + -15121?
-15050
In base 11, what is 186 - -1955?
2030
In base 7, what is -23 - 226323?
-226346
In base 16, what is 9cf38 - -5?
9cf3d
In base 15, what is 3 - 24ed?
-24ea
In base 9, what is -4304 + -46?
-4351
In base 6, what is -32 - -3215?
3143
In base 10, what is 1890995 - 4?
1890991
In base 6, what is 221024 - 50?
220534
In base 9, what is 11857 - -5?
11863
In base 9, what is -1 - 7648?
-7650
In base 15, what is -35 + 525?
4e0
In base 12, what is 0 + -17252?
-17252
In base 10, what is -30424 + -88?
-30512
In base 2, what is -100110010011000001101 - -11?
-100110010011000001010
In base 5, what is 1243312134 + 3?
1243312142
In base 4, what is 11 - 1030110?
-1030033
In base 16, what is -5 - -44248?
44243
In base 12, what is -168a0 + 81?
-1681b
In base 12, what is 15b + 202?
361
In base 12, what is -5 + 29bbb?
29bb6
In base 2, what is 11100011111 - -101000111111?
1000101011110
In base 3, what is 1100001 - -100?
1100101
In base 15, what is -b4 - 2cbb?
-2d80
In base 9, what is 10703 - -21?
10724
In base 15, what is -227 + 1c?
-20a
In base 13, what is 4160 - -a?
416a
In base 9, what is -12 + 52012?
52000
In base 6, what is -1531205 + -40?
-1531245
In base 3, what is -2020 + 1010201020?
1010122000
In base 4, what is -202101 + 110323?
-31112
In base 8, what is 2 + -40472?
-40470
In base 8, what is -710 + 27642?
26732
In base 10, what is 40666 + -4?
40662
In base 11, what is 6a8 + 1125?
1822
In base 15, what is -d690 - 24?
-d6b4
In base 15, what is 1d - 669c?
-667e
In base 13, what is 2c - -120?
14c
In base 13, what is -1 + -2547?
-2548
In base 15, what is -774a5 - -1?
-774a4
In base 9, what is -1108764 + -5?
-1108770
In base 2, what is -1010111100110 + -1101000?
-1011001001110
In base 14, what is -806 - a?
-812
In base 2, what is 11011 - -1000001010110000?
1000001011001011
In base 16, what is -7f6 - d?
-803
In base 6, what is 4 + -10151?
-10143
In base 14, what is 43b4 - -4d?
4423
In base 2, what is 1000 - 101001010010100100?
-101001010010011100
In base 2, what is -10000000 + -11000100010100?
-11000110010100
In base 14, what is -34 - 97?
-cb
In base 5, what is 324 - 422424?
-422100
In base 10, what is -1516133 + 3?
-1516130
In base 5, what is -2 + 34320314?
34320312
In base 3, what is 2011221 - -100010?
2112001
In base 6, what is -2412553 - -3?
-2412550
In base 2, what is -110 - 1101101100101000?
-1101101100101110
In base 16, what is -16e88 + 2?
-16e86
In base 9, what is 418 + -58?
350
In base 3, what is -110 - -1110002?
1102122
In base 6, what is -2 - -45340255?
45340253
In base 11, what is 3 - 51075?
-51072
In base 15, what is 9 - -281b2?
281bb
In base 5, what is -113141204 - 4?
-113141213
In base 13, what is -15 - -949?
934
In base 11, what is 102067 - -2?
102069
In base 15, what is 4 - e807?
-e803
In base 4, what is 1 + -112311013?
-112311012
In base 16, what is -14 + -26a9?
-26bd
In base 8, what is -7 - 175124?
-175133
In base 5, what is 0 + 3134130?
3134130
In base 14, what is -b789 + 32?
-b757
In base 11, what is 2 - 15258?
-15256
In base 4, what is -31120330 - -3?
-31120321
In base 15, what is 2 - -2276db?
2276dd
In base 10, what is -935 + -23?
-958
In base 5, what is 443 + -3241142?
-3240144
In base 9, what is -4 + 1044546?
1044542
In base 2, what is 100110 + -10111100101100010?
-10111100100111100
In base 4, what is -2220 - 10121?
-13001
In base 7, what is -3 + 33422?
33416
In base 13, what is -75 - -cc0?
c48
In base 5, what is -241224001 + 3?
-241223443
In base 5, what is -334334 + 102?
-334232
In base 4, what is 10 + 13130321313?
13130321323
In base 5, what is -24144314 - 2?
-24144321
In base 6, what is -5 - 200521?
-200530
In base 10, what is 173795 + -14?
173781
In base 5, what is 242 + -4132?
-3340
In base 2, what is 110000010 - 1011?
101110111
In base 7, what is 3054 + -230?
2524
In base 15, what is -20355 + 5?
-20350
In base 16, what is -7c9 + 99?
-730
In base 10, what is -33213 + -47?
-33260
In base 9, what is -41 - -40?
-1
In base 9, what is 6584 + -53?
6531
In base 5, what is 10 - -1130100?
1130110
In base 14, what is 2 + -118